0727069 prime?
False
Is 3894528893 composite?
True
Is 1014439651 composite?
True
Is 3313960291 a composite number?
True
Is 2180789887 a composite number?
True
Is 74827449581 composite?
True
Is 17128978501 composite?
True
Is 358943639 a composite number?
True
Is 60885519461 composite?
True
Is 409525951 prime?
True
Is 627951061 composite?
False
Is 556047593 prime?
True
Is 861908507 composite?
True
Is 46587022367 prime?
False
Is 874289893 a composite number?
True
Is 5312130361 prime?
False
Is 351377071 composite?
True
Is 2166916079 a composite number?
False
Is 2518550161 composite?
True
Is 120534264857 a prime number?
True
Is 33292626123 a composite number?
True
Is 3610197677 composite?
False
Is 3428060707 composite?
False
Is 1596488519 composite?
True
Is 24772762631 a prime number?
True
Is 16477845691 a prime number?
False
Is 24313903 prime?
True
Is 36680914121 a prime number?
False
Is 165221827 a prime number?
False
Is 5649948715 a composite number?
True
Is 2738946779 a composite number?
False
Is 448044197 prime?
False
Is 8555281751 prime?
True
Is 10626066239 prime?
True
Is 4754881381 composite?
True
Is 51237150155 a prime number?
False
Is 2044034453 a prime number?
True
Is 1039295105 a prime number?
False
Is 173343204809 a prime number?
False
Is 22906717741 a prime number?
False
Is 59264180153 prime?
True
Is 1427427623 a prime number?
True
Is 718240151 a prime number?
True
Is 875189009 composite?
True
Is 155584040581 a prime number?
True
Is 2638234181 prime?
False
Is 9612107023 a prime number?
True
Is 150428843 prime?
False
Is 59250436373 composite?
True
Is 9268835167 a composite number?
False
Is 282271831 composite?
True
Is 134447395 composite?
True
Is 7792681881 a composite number?
True
Is 12233247659 a prime number?
False
Is 1548535543 composite?
True
Is 2900454641 a composite number?
True
Is 89285299451 a prime number?
True
Is 6030107023 a composite number?
False
Is 2610659599 composite?
False
Is 2845495699 a composite number?
False
Is 11089699837 a composite number?
False
Is 1639847779 composite?
False
Is 335884397 prime?
True
Is 52989443719 prime?
True
Is 13642476317 a composite number?
False
Is 32309262943 a prime number?
False
Is 187871119 prime?
False
Is 635386121 prime?
True
Is 6222489757 prime?
False
Is 336824869 composite?
False
Is 404894927 a composite number?
True
Is 2987659841 prime?
False
Is 285607277 a composite number?
False
Is 45246547 prime?
False
Is 155680553117 composite?
True
Is 314178341 a composite number?
True
Is 27376943491 a composite number?
False
Is 62328782027 a prime number?
True
Is 163638109 a prime number?
True
Is 4841886937 a prime number?
False
Is 215918741 composite?
False
Is 37618237169 a prime number?
False
Is 10134358021 composite?
False
Is 135497028143 a composite number?
False
Is 20367410339 a prime number?
True
Is 11518616243 a composite number?
False
Is 21330883831 composite?
False
Is 81223262 a composite number?
True
Is 21980052551 prime?
True
Is 263694284989 a composite number?
False
Is 690178253 a composite number?
False
Is 1009507021 a prime number?
True
Is 2999732557 prime?
True
Is 1387063673 prime?
True
Is 4339212263 composite?
False
Is 3297858013 a prime number?
False
Is 3249072481 a prime number?
True
Is 195424631 a prime number?
True
Is 44632997063 a composite number?
False
Is 31079731337 a prime number?
True
Is 3270227663 a composite number?
False
Is 1659999851 prime?
True
Is 5028178403 prime?
True
Is 36777758363 a composite number?
False
Is 2503132505 a prime number?
False
Is 10885788953 a prime number?
False
Is 162773279 composite?
False
Is 59295259658 prime?
False
Is 661914733 prime?
False
Is 22662611831 prime?
False
Is 8352891641 prime?
True
Is 1025874523 prime?
True
Is 16078753433 prime?
True
Is 18786541 a prime number?
False
Is 10651407587 a prime number?
True
Is 12840061541 a composite number?
False
Is 13698217487 a prime number?
False
Is 48003311 a prime number?
True
Is 3904151153 a prime number?
False
Is 6797958257 composite?
True
Is 16144145 prime?
False
Is 67890775877 composite?
True
Is 208530277 prime?
True
Is 1051028473 a composite number?
True
Is 2649147581 a composite number?
False
Is 48768989 a prime number?
True
Is 598822921 a composite number?
False
Is 17148366947 a composite number?
False
Is 90865021 a prime number?
False
Is 7933847657 prime?
False
Is 589161007 composite?
True
Is 81553333393 composite?
True
Is 4402071313 a composite number?
True
Is 1261465703 a composite number?
False
Is 5943265571 prime?
True
Is 920167387 a composite number?
True
Is 2412042393 composite?
True
Is 941312173 prime?
True
Is 710822633 composite?
False
Is 39590017871 a composite number?
True
Is 124166239 prime?
True
Is 877805246 a prime number?
False
Is 9693516907 a prime number?
True
Is 4098824777 a prime number?
True
Is 72880781 prime?
True
Is 2513066059 composite?
True
Is 1209660701 a prime number?
True
Is 2868301153 a composite number?
False
Is 284765717191 composite?
False
Is 2963770847 a composite number?
False
Is 1563480001 composite?
False
Is 47560602949 composite?
True
Is 528888751 composite?
True
Is 1577513705 a prime number?
False
Is 34801738961 prime?
False
Is 8833000879 a prime number?
False
Is 2184268409 composite?
True
Is 1415288983 a composite number?
False
Is 602612789 a prime number?
False
Is 4469389789 prime?
False
Is 20444225537 a composite number?
False
Is 24269074853 prime?
False
Is 25265914423 composite?
True
Is 20017246913 a prime number?
True
Is 15241087751 prime?
True
Is 51424120453 composite?
True
Is 1622419991 composite?
False
Is 941629411 a prime number?
False
Is 1783120177 a prime number?
False
Is 2052387149 a prime number?
True
Is 1172996771 a composite number?
True
Is 3475206667 prime?
False
Is 4822994833 a prime number?
True
Is 9732467449 composite?
False
Is 81580469 a prime number?
True
Is 30048040129 prime?
True
Is 2780958599 prime?
True
Is 13081477 composite?
False
Is 3942458929 prime?
False
Is 1508350013 a composite number?
False
Is 1336043939 a composite number?
True
Is 7724671427 a prime number?
False
Is 16678013997 a prime number?
False
Is 129190331 a prime number?
False
Is 105330571 prime?
True
Is 2628086239 prime?
True
Is 3091255751 a composite number?
False
Is 75520076761 composite?
True
Is 502395151 composite?
False
Is 49187767679 a composite number?
True
Is 130173551 a composite number?
False
Is 588932923 a prime number?
True
Is 21168363 a composite number?
True
Is 545677481 a composite number?
False
Is 18240089723 a prime number?
True
Is 12922627031 prime?
True
Is 170958446129 prime?
True
Is 61614901373 prime?
True
Is 340972435 a prime number?
False
Is 2757019663 a prime number?
True
Is 7121860327 prime?
False
Is 15526580533 composite?
True
Is 265079229 a prime number?
False
Is 7490207209 a prime number?
False
Is 169958561 a prime number?
True
Is 28531774562 a prime number?
False
Is 151642273 composite?
False
Is 208753109 composite?
False
Is 149165593 composite?
False
Is 2483133043 a composite number?
False
Is 2540537261 a prime number?
True
Is 64475397269 prime?
False
Is 541904042 composite?
True
Is 188572481 composite?
False
Is 1862049031 a composite number?
True
Is 1121248223 composite?
True
Is 11393511323 a prime number?
False
Is 5178452863 composite?
True
Is 230800541 a composite number?
False
Is 65896691 composite?
True
Is 127212569717 prime?
True
Is 191689379 a composite number?
True
Is 32795530883 a composite number?
False
Is 12417445559 composite?
True
Is 823062115 composite?
True
Is 697224347 a composite number?
False
Is 5924690959 a composite number?
True
Is 2327570591 a composite number?
True
Is 4071223799 prime?
False
Is 1435491521 prime?
True
Is 203913622259 composite?
False
Is 81001818433 composite?
True
Is 772071653 composite?
False
Is 36191113991 composite?
False
Is 17275683603 prime?
False
Is 122580243997 composite?
False
Is 7042256803 prime?
False
Is 3613194979 a prime number?
True
Is 446340439 a prime number?
True
Is 1945978163 a prime number?
True
Is 105268819 a prime number?
False
Is 27087416567 composite?
False
Is 24245395247 a composite number?
False
Is 3655963939 composite?
True
Is 4501307509 a prime number?
True
Is 1210259426 a composite number?
True
Is 18582846539 composite?
True
Is 32015140499 composite?
False
Is 58